-4*y**2 - y - 2. Let d(z) = -4*b(z) + 3*u(z). Calculate d(0).
-1
Let h(v) be the second derivative of -v**5/60 + v**4/3 - 5*v**3/6 + 2*v. Let c(q) be the second derivative of h(q). Give c(6).
-4
Let d(y) = -y + 4. Suppose 3*g - 4*z = -37, -4*z - 1 + 3 = 2*g. Give d(g).
11
Let c(s) = 7*s**2 + 8*s + 7. Let k(q) = 6*q**2 + 7*q + 6. Let b(v) = 5*c(v) - 6*k(v). Give b(-2).
-1
Let c(g) = g**2 + 12*g + 3. Let k be c(-12). Let t(u) = u - 6*u**2 - k*u**3 + 6*u**3 - 3 - 2*u**3. Determine t(6).
3
Suppose -52*g = -55*g + 9. Let p(u) = 2*u + 3. Determine p(g).
9
Let b = 9 + -1. Let h(g) = -3*g**3 - 11*g**2 + 7. Let s(y) = -17*y**2 + 3 - 5*y**3 + 6 + 2. Let t(f) = b*h(f) - 5*s(f). What is t(3)?
1
Let b(q) = -q - 9. Let p = 2 + -6. What is b(p)?
-5
Suppose 7*s - 3 + 17 = 0. Let r(c) = -c - 1. Calculate r(s).
1
Let t = 38 - 38. Let z(g) = g + 6. Give z(t).
6
Let r = -19 + 22. Let x(c) be the first derivative of 1/4*c**4 + c + r*c**2 - 2*c**3 - 2. Calculate x(5).
6
Let r be (2/4)/(2/8). Suppose 3*p + 4*u - 7 = 0, -19 = p - r*u - 2*u. Let s = p - -1. Let h(c) = 3*c + 1. What is h(s)?
-5
Let n be (-46)/(-10) + 4/10. Let j(q) = -5 - 3*q - 4*q**2 + q**3 + n + 4. Let b be (-2)/(-9) - 68/(-18). What is j(b)?
-8
Let t(w) = 4*w**3 + 3*w**2 - 2*w + 6. Let a(n) = 5*n**3 + 3*n**2 - 2*n + 7. Let d(g) = -5*a(g) + 6*t(g). Determine d(1).
1
Let k(x) = -x**2 - 3*x + 3. Suppose 5*t - 2 = 8. Give k(t).
-7
Let l(u) = 6 + 21*u**3 - 1 - 3*u - u**3 - 19*u**3 + 3*u**2. Let f(r) = r**2 - 4. Let j be f(-3). Let w = 1 - j. Determine l(w).
1
Let m(r) = r**2 - 14*r - 2. Let n be m(14). Let l(x) = 2*x**2 + 4*x + 3. Calculate l(n).
3
Let w(x) be the second derivative of 1/12*x**4 + x - 5/6*x**3 + 1/2*x**2 + 0. Calculate w(5).
1
Let j(s) = 6*s + 0 + 1 - 2*s. Let x be (-192)/36 + (-1)/(-3). Let z = x + 3. Give j(z).
-7
Let j(i) = -i. Let m(a) = a - 1. Let s = -5 - -1. Let v(y) = s*j(y) - 2*m(y). What is v(-2)?
-2
Let y be (-10)/(-2)*4/(-5). Let p(t) = -t - 3. Let d be p(y). Let m(r) = -4*r**3 + 5*r**3 - 2*r**2 - 2*r + 0*r**3 + d. Determine m(2).
-3
Let p(i) = i - 1. Let w(o) = -5*o + 5. Suppose -4*f + 18 = -7*f. Let x(v) = f*p(v) - w(v). What is x(2)?
-1
Let t = -2 - 3. Let c(p) be the third derivative of p**7/2520 - p**5/60 + 2*p**2. Let b(r) be the third derivative of c(r). Calculate b(t).
-10
Let m = 7 + -10. Let x be (3 - 1)*1/1. Let u(b) = -3*b + x*b - 3*b - b**2. Calculate u(m).
3
Suppose -4*p = 5*p - 18. Let a(t) = 5*t**2 - 4*t + 3. Determine a(p).
15
Let q(k) = 3*k**3 + k**2 - 4*k - 4. Let x(c) = 8*c - 8*c**3 + 2*c + c + 12 - 2*c**2. Let y(i) = 11*q(i) + 4*x(i). What is y(-4)?
-12
Let j(g) = g**2 + 10*g + 8. Let s = 115 + -124. Give j(s).
-1
Let g(t) = -34 + 0*t**3 + t**3 - 23 + 51 + 5*t**2 - 7*t. Calculate g(-6).
0
Let v(z) = 11*z**2 + 11*z + 10. Let u(p) = 2*p**2 + p + 1. Let r(y) = -6*u(y) + v(y). Determine r(5).
4
Suppose 5*o + 3 = 23. Suppose -o + 0 = v. Let y(s) = -s**2 - 2*s**2 - s**3 - 2*s + 7*s. Give y(v).
-4
Let u(p) = -p. Let k = 3 - -5. Let o be -5*(0 + k/10). Calculate u(o).
4
Let t(b) be the third derivative of b**6/720 + b**5/20 + b**4/8 + 2*b**2. Let w(c) be the second derivative of t(c). Determine w(0).
6
Let d(w) = -w**3 - 7*w**2 - 4*w + 9. Let s be d(-6). Let m(z) = -z**3 - 2*z**2 + 3*z - 2. Determine m(s).
-2
Let c be ((-18)/15)/((-4)/10). Let p(v) = -3*v**3 + 3*v**2 + 2*v**3 + 0*v**c + 3*v. Let y be 2/6 - (-33)/9. Calculate p(y).
-4
Let d(m) be the second derivative of m**5/20 - m**4/4 - m**3/3 + 3*m**2/2 - 7*m. What is d(2)?
-5
Let k be 8*(-2)/4*1. Let a(j) = -4*j**3 - 6*j**2 + 4*j + 1. Let v(u) = 5*u**3 + 7*u**2 - 5*u - 1. Let m(n) = k*a(n) - 3*v(n). Determine m(-3).
2
Let s(a) be the second derivative of a**4/12 - 2*a**3/3 + 5*a**2/2 - 30*a. Let r = -9 + 14. Determine s(r).
10
Let k(d) be the third derivative of d**4/24 + d**3/3 - 14*d**2. Give k(-8).
-6
Let v(r) = r**3 - 4*r**2 + 3*r. Suppose -15 = -0*d - 5*d. Determine v(d).
0
Let s(c) = c**3 - 3*c**2 - 7*c + 6. Suppose -5*o - 30 = 5*d, 5*o + 4*d - 5*d + 6 = 0. Let t(a) = -a + 2. Let b be t(o). Calculate s(b).
-6
Suppose 0 = -0*c - c - 6. Let u(q) = -q**3 - 6*q**2 + q - 4. What is u(c)?
-10
Let s be 2 - (-1)/(-1 + 2). Let w(q) = -8*q**2 + 2*q + 1. Let i(r) = 7*r**2 - 2*r - 1. Let h(p) = 7*i(p) + 6*w(p). Determine h(s).
2
Suppose 0 = 6*i - 17 + 5. Let c(f) = 5 - 2*f - 3*f**2 - 5 + 5*f**i + 3 + f**3. What is c(-3)?
0
Let j(w) = -w**3 - w**2 - w - 9. Let a = -138 + 138. Calculate j(a).
-9
Let z(c) = -6 + 60*c**2 - 59*c**2 + 19 + 10*c. Determine z(-9).
4
Let w(d) = -5*d. Let j(o) = 6*o + 1. Let k be j(-1). Let s be 3/(3 - 4) - k. Give w(s).
-10
Suppose 2 = 4*a - 10. Let j(w) = -6*w - a + 0*w - w - w**2. Determine j(-6).
3
Let w(t) = -1. Let f = 3 + -2. Let x(n) be the first derivative of n**2/2 - n - 2. Let b(q) = f*x(q) - w(q). Give b(5).
5
Let j(k) = k**3 - k - 1. Let p(m) = -6*m**3 - 5*m**2 + 11*m + 8. Let t(q) = 5*j(q) + p(q). Suppose -c + 2 = 8. Calculate t(c).
3
Suppose -k + 8 = -3*k. Let m(v) = -3*v**3 - v**2 + 4*v + 5. Let p(g) = -7*g**3 - g**2 + 8*g + 10. Let n(j) = -5*m(j) + 2*p(j). Determine n(k).
-5
Let o = -18 - -10. Let w(t) = -t - 11. Let f be w(o). Let q(x) = -x**2 - x + 4. Determine q(f).
-2
Let y(u) be the second derivative of 7*u**3/6 - 3*u**2/2 - 4*u. Let k(n) = -2*n**3. Let v be k(-1). Calculate y(v).
11
Let g(b) be the second derivative of b**4/12 + b**3 - 18*b. Calculate g(-6).
0
Let y(v) be the third derivative of -v**6/120 + v**5/10 - v**4/6 - 2*v**3/3 - v**2. Suppose r = 3*r. Suppose 5*t + 7 - 32 = r. What is y(t)?
1
Let i(q) = q + 1. Let a be (-33)/12 - -3 - 3/(-4). What is i(a)?
2
Let w = 9 + -4. Let m be -2 + 1 + (w - 7). Let t(h) = 4*h + 2*h**2 - h**2 - 3 + 1. Calculate t(m).
-5
Let m(i) = 9*i**3 - 19*i**2 + 3*i + 11. Let d(h) = -4*h**3 + 9*h**2 - 2*h - 5. Let k(w) = 7*d(w) + 3*m(w). Suppose -6*q = -q - 25. What is k(q)?
-2
Let f(a) = -2*a**2 + a + 1. Let d = -45 + 47. Give f(d).
-5
Let j be (-63)/(-28) + (-2)/8. Let x(k) be the first derivative of -1 - k + 1/2*k**j. Calculate x(-3).
-4
Let s(l) = 90*l + 88*l + 3 - 177*l + 4. Give s(0).
7
Let w be ((-30)/12 - -2)/(1/4). Let s(d) = -d**3 - 3*d**2 - 4*d - 3. Calculate s(w).
1
Suppose -2*p - p = 2*d - 9, 3*d + 2*p = 6. Let i(t) = -7 + 14*t - t + 4*t**2 - t**3 + d*t**3 - 5*t. Determine i(5).
8
Let k(q) be the second derivative of 1/6*q**3 + 0 - q - 2*q**2. What is k(3)?
-1
Let w(t) = t + 1. Let c(x) be the third derivative of x**4/24 - x**3 - 4*x**2. Let p be c(5). Give w(p).
0
Let n(a) = -2 + 1 - 3 + a. Let y(z) = -z - 5. Let c be y(-5). What is n(c)?
-4
Suppose -5*d - t - 5 + 0 = 0, -5*d = -3*t + 5. Let h(x) = 11*x - 1. What is h(d)?
-12
Let a = 83 - 83. Let m(s) = s - 17. Calculate m(a).
-17
Let b(h) be the third derivative of 0*h + 0 - 1/60*h**5 + h**2 + 1/6*h**4 - 1/3*h**3. Give b(4).
-2
Suppose 0 = 10*z - 6*z + 8. Let p(s) = s**3 - s**2 + s + 2. Determine p(z).
-12
Let o = -99 + 101. Let t(n) be the second derivative of -n**5/20 + n**4/6 + n**3/2 - 3*n**2/2 - n. Give t(o).
3
Let o(s) be the third derivative of s**5/60 - 22*s**2 + s. Calculate o(-1).
1
Let t(r) = -r - 8. Let h be (18/(-21))/((-2)/(-14)). Give t(h).
-2
Let z(g) = 7*g + 3. Let n(d) = 8*d + 4. Let f(b) = 5*n(b) - 6*z(b). What is f(-4)?
10
Let w(z) = -z + 1. Let m = 19 - 15. What is w(m)?
-3
Let q(g) = 3*g + 5*g**2 - 4 + 8 - g**3 + 2*g**3. Let r(v) = -v**2 + 3*v + 2. Let z be r(7). Let p = z - -21. What is q(p)?
-11
Let l(k) = k**2 - 1. Let d(p) = -2*p**2 - 2*p. Suppose 0 = -6*w + 3*w - 6. Let h be d(w). Let j be (-1 + 3)*(-6)/h. Determine l(j).
8
Let u(v) = -4*v + 2. Let w be u(-1). Let a(h) = h**2 - 7*h + 2. What is a(w)?
-4
Let r(n) = 3*n + 14. Let m(u) = -u - 7. Let k(i) = -5*m(i) - 2*r(i). Give k(6).
1
Let z(w) = -w**3 + 8*w**2 - 3. Let y be z(8). Let p be (-4)/((-2)/y*-3). Let g(k) = -8*k**2 - p - k + 2. Give g(1).
-9
Let r(h) = -4*h + 16. Let n be r(5). Let q(k) = k**3 + 7*k**2 + 6*k. Determine q(n).
24
Suppose 9*b + 22 = 4. Let j(n) = -3*n + 2. Calculate j(b).
8
Let o(q) = -3*q + 3. Suppose 3*m - 5*y - 14 = 0, 0 = 2*y - 4*y - 2. Suppose m*v = 9 - 3. Let x be o(v). Let k(n) = n**3 + 3*n**2 - n - 1. Calculate k(x).
2
Let m(b) = -2 + 7 - 4 + 3*b + b**3 - 3*b**2 - 3. Give m(3).
7
Let w(j) = -j - 3. Let b(u) = -6*u - 16. Let k(m) = -2*b(m) + 11*w(m). Let f(o) =